 -241, 3*y - 4*c - 688 = 0. Let d = g + y. Calculate the greatest common factor of 12 and d.
12
Suppose 0 = 4*u - 9 - 3, 4*h - 23 = 3*u. Suppose -h*f = 23 + 81. Let z = f - -27. What is the highest common factor of z and 56?
14
Let k(v) = v**2 + v + 30. Let i be k(0). Let c = i + -28. Let b be (-14)/(-4) - (-1)/c*1. What is the highest common factor of 10 and b?
2
Suppose 444 = -41*q + 1264. Suppose 0 = 6*r - 14*r - 176. Let g = r + 26. What is the greatest common divisor of g and q?
4
Suppose -c - 345 = 3*c + 5*r, 3*c + 279 = 3*r. Let z = 53 - c. What is the greatest common divisor of z and 22?
11
Let t(q) = 7*q + q**2 - 3*q + 1 - 10 - 14. Let i be t(-10). Let z be (-12)/(-8) + (-2433)/(-6). What is the greatest common factor of z and i?
37
Suppose 104 = -2*o + 68. Let r be 3/(o/(-48)) + 12. Calculate the greatest common divisor of 220 and r.
20
Let f(d) = 227*d + 9338. Let m be f(-41). What is the greatest common factor of 48949 and m?
31
Suppose -914 = -16*k + 12*k - g, -5*k - 2*g = -1138. Calculate the greatest common divisor of 1081 and k.
23
Let i be 97/(-5) - -6*1/(-10). Let k be (-158)/i*4 + (-4)/(-10). Let a = -756 - -916. Calculate the greatest common factor of k and a.
32
Let k be 1545/60 - 6/(-24). Suppose -2*d + 5*l = -349, 4*l - 179 = -d + 5*l. Calculate the greatest common factor of k and d.
26
Let c(y) = y**2 - 8*y + 8. Let k be c(6). Let i(a) = a + 5. Let q be i(k). Let z be (6/(-8))/(14 + (-8047)/572). What is the highest common divisor of q and z?
1
Suppose 9*v - 5*v + 2 = 3*p, -p + 2*v = 0. Suppose -346 = -p*r + 2. Calculate the greatest common factor of 6 and r.
6
Let v be -1 - 40/(-4)*1. Let t = 593 - 575. What is the highest common divisor of t and v?
9
Let i be (-16965)/(-2) - (-17)/((-442)/(-13)). Calculate the greatest common divisor of i and 34.
17
Let r = -25565 - -29314. Calculate the highest common factor of r and 230.
23
Suppose -289*g - 73*g + 71*g = -291. What is the highest common divisor of 31 and g?
1
Suppose m - 140 = 100. Let x be (-3)/6*(-1*2 + -2). Suppose f - x*f = 2*b - 38, f = b + 26. Calculate the greatest common divisor of m and f.
30
Let f = -191 - -196. Suppose 2*h - 281 = -f*z - 14, -5*h - 5*z = -675. What is the greatest common divisor of h and 34?
34
Let i be (-3 + 303)*(-60)/(-45). Calculate the highest common factor of i and 460.
20
Let d be (-5)/(10/12) + -215. Let o = 305 + d. What is the greatest common divisor of o and 21?
21
Suppose 18*k - 41 = 13. Suppose -14*s + 20 = -10*s, y - 230 = k*s. Calculate the highest common divisor of y and 35.
35
Let x(g) = 7683*g**2 - 596*g - 1189. Let i be x(-2). What is the highest common factor of 45 and i?
45
Let s = 1171 - 1156. Calculate the highest common divisor of 201 and s.
3
Suppose -3*w = -12, s - 23 = -0*w + 3*w. Let q = 4759 + -4754. Calculate the greatest common factor of s and q.
5
Suppose 0 = 3*a - j - 161 - 54, 4*j + 20 = 0. What is the highest common divisor of a and 2394?
14
Let h = -10652 - -12419. Calculate the greatest common divisor of 372 and h.
93
Let n = 14 - 8. Suppose f + 4 = n. Let i(c) = -4*c - 2. Let y be i(-5). What is the highest common factor of f and y?
2
Suppose 13551 - 3827 = 17*f. Suppose 282 + f = 14*s. Suppose -s*m - 112 = -65*m. What is the greatest common factor of m and 70?
14
Let x be (1/(12/728))/((-12)/(-18)). Suppose -x*i = -114*i + 1334. Calculate the greatest common divisor of 174 and i.
58
Suppose -2*u + 6*u = 2*u + 3340. What is the highest common divisor of 20 and u?
10
Suppose -4*l + 25 = -s, -3*l = 19*s - 18*s - 17. Let p be (-243)/36*(-304)/l. What is the greatest common divisor of p and 57?
57
Let i be (1 - 26/2)*(189/(-12) - -7). What is the greatest common factor of 2667 and i?
21
Let d = -7 - -49. Let o(a) = -a**3 - 4*a**2 + 32*a + 5. Let y be o(4). Let w be (3/1)/(y/175). Calculate the greatest common divisor of w and d.
21
Let w = 1804 + -1620. Calculate the greatest common factor of 207 and w.
23
Let m be (52/65)/(2/65). What is the greatest common divisor of m and 4303?
13
Suppose 3*k = 4*h - 14, 2*h = 5*k - 3 + 17. Let g be (6/(-18))/(h/150). Let n be g/10*(-64)/10. Calculate the highest common divisor of 1 and n.
1
Let i = -94 + 16. Let d = 109 - i. Calculate the greatest common factor of d and 22.
11
Suppose 890 = 5*d + 4*x, -2*d - 21*x + 23*x = -338. Calculate the greatest common factor of d and 6.
6
Let u be (0 - -1)/(((-45)/(-110))/9). Let d be (44/(-10))/(3/(-120)). Calculate the greatest common divisor of u and d.
22
Let j = 1291 + -1282. Suppose -y = y + 8. Let d = j - y. Calculate the greatest common factor of d and 104.
13
Let h(a) = 659*a**2 - 142*a - 474. Let m be h(-3). Calculate the greatest common divisor of m and 111.
111
Let p(s) = s**3 - 20*s**2 + 64*s + 28. Let b be p(16). Suppose -3 = 6*h - 45. Let n be (h/4)/((-4)/(-192)). What is the greatest common divisor of n and b?
28
Let p be (46/(-4))/((-3)/156). Suppose 65*h - 4402 = -1412. Calculate the greatest common divisor of p and h.
46
Let p = -150 - -418. Let m = p - 128. What is the highest common divisor of m and 56?
28
Let p be (385/15)/(224/96) - 2. Let u(a) = -a**2 + 17*a. Let g be u(9). Calculate the highest common divisor of g and p.
9
Suppose -9*b + 10*b - 45 = 0. Let n = 5 + b. Suppose n + 195 = 5*r. What is the greatest common factor of 7 and r?
7
Suppose -5*c + 181 = 2*x, x + 3*c = 6*c + 96. Let j = x - 57. What is the greatest common divisor of j and 360?
36
Suppose -34*o - 4320 = -4*n - 35*o, 5*n = 3*o + 5417. What is the highest common factor of 611 and n?
47
Suppose -600 + 680 = 20*m. Calculate the greatest common factor of 1014 and m.
2
Let g(h) = -h + 3. Suppose -8*c - 20 = 2*c. Let v be -11 - 1/c*0. Let a be g(v). Calculate the highest common factor of a and 28.
14
Let i(r) = -71*r + 436. Let d be i(6). Suppose o = -d*o + 1716. What is the greatest common factor of 6 and o?
6
Let u = 47 - 46. Let n be (u + (-1 - 0))/4. Suppose 2*q = -0*q - 2*l + 14, n = q + 4*l + 2. Calculate the highest common factor of q and 10.
10
Let k be 9*(-3)/((-72)/(-32)). Let n be (2 + (-40)/k)*891/12. What is the greatest common factor of n and 44?
44
Let r = -19 + 35. Let i(k) = 8*k + 104. Let m(o) = 6*o + 69. Let a(p) = 5*i(p) - 7*m(p). Let n be a(r). What is the highest common factor of n and 1?
1
Let s = 126 + -81. Let g = s + 9. Suppose -w = -c - 4*w + 33, 0 = -c + 3*w + 21. Calculate the greatest common divisor of g and c.
27
Let y be (-1078)/(-3) + 4/6. Suppose 1589*z + 17322 = 164859 + 81279. Calculate the greatest common divisor of y and z.
72
Suppose 5*q + 0*q = g + 24, -4*q + 8 = 2*g. Suppose m - 11 = -q. Suppose -2*o + 5*j = m - 57, 4*o = 4*j + 76. What is the highest common divisor of o and 165?
15
Suppose 2*r + 0 + 0 = 0. Suppose r*w + 285 = 5*w. Suppose 3*b + 2*f + 0 = w, 0 = f. Calculate the greatest common divisor of b and 171.
19
Suppose 0 = 4*f + h - 187, 3*h = -5*f + 807 - 568. Calculate the highest common factor of 10534 and f.
46
Let j = 764 + -416. What is the highest common factor of j and 261?
87
Suppose 236 = 11*j - 270. Let v = j + -24. Let u be ((-4)/(-12))/(1/99). Calculate the highest common factor of v and u.
11
Let x(z) = 3*z + 25. Let w be x(8). Let k = 61 - w. Suppose -6*f + 7*f = 48. Calculate the highest common factor of f and k.
12
Let k = 21236 + -12116. What is the highest common factor of 16 and k?
16
Let w = 4304 + -3676. Calculate the highest common divisor of 20 and w.
4
Suppose 297*d + 3*j = 295*d + 91, d - 44 = -3*j. Let m(r) = r + 376. Let q be m(0). Calculate the greatest common divisor of d and q.
47
Let j(t) = t**2 - 49*t + 273. Let i be j(6). Let q be (-1)/(6/(-16)*5/i). Calculate the highest common divisor of 584 and q.
8
Let s = 3530 + -3500. What is the greatest common factor of s and 7230?
30
Suppose 0 = 5*p + 3*x - 246, -3233*p = -3232*p + 2*x - 38. Calculate the greatest common factor of 238 and p.
2
Suppose z + 648 = 4*z. Suppose 5*l - 19 = q, -158*q + 153*q = 2*l - 94. Calculate the greatest common divisor of z and q.
8
Let p = 28 - 17. Suppose o = 3*r - p, -4*r = 6*o - o - 2. Let t be (0 + -28)/(2*o/6). Calculate the greatest common divisor of t and 6.
6
Suppose 3*a = 5*m + 204, 2*a - 32 = 4*m + 106. Let w = 411 + -262. Let u = w - 140. Calculate the greatest common 